on factor of v and 3.
3
Let h be (22/4)/(75/4950). Let n = -33 - -66. Calculate the greatest common factor of h and n.
33
Let w be (-2 + -6)/4*-4. Suppose 3*g = -g - w. Let x be (-9*10/3)/g. Calculate the greatest common factor of x and 30.
15
Suppose -4*r + 38 = -22. Calculate the greatest common factor of 25 and r.
5
Let w be (-2)/(-4) + (-60)/(-8). Calculate the highest common factor of w and 904.
8
Let c = 37 - 33. Let i be -3*((-6)/(-9) - 2). What is the greatest common divisor of c and i?
4
Let k be (-7)/7 + -8 + 41. Calculate the greatest common divisor of 224 and k.
32
Suppose 0 = -29*s + 10*s + 798. Calculate the highest common factor of 147 and s.
21
Let s = 16 - 13. Suppose -5 = -g + s*f, -f = 1 - 0. Suppose -5*j + 69 = -g*u, 4*j - 4*u - 63 = -j. Calculate the greatest common factor of j and 165.
15
Let m(g) = -g**3 - 3*g**2 + 3*g + 5. Let t be m(-5). Let o(x) = x - 3. Let w be o(-11). Let c = w - -114. What is the highest common factor of c and t?
20
Suppose -p + 16*x = 11*x - 49, p - x = 53. Calculate the greatest common divisor of p and 594.
54
Suppose 3*d = -4*j + 7, 5*d - 2*j = j + 2. Let i be d/(((-1)/(-384))/(7/14)). What is the greatest common factor of i and 24?
24
Let k(j) = 2*j**3 - 9*j**2 - 2*j - 8. Let v be k(7). Suppose -744 = -4*z - 4*p, -2*z + 164 + v = -3*p. What is the greatest common divisor of 27 and z?
27
Let t(u) = -u**3 - u + 10. Let a be t(0). Suppose 3*b - 38 = a. Let m = 2755 - 2643. What is the greatest common factor of m and b?
16
Let n(u) = 7*u**2 + 10*u - 72. Let w be n(4). Calculate the highest common factor of w and 560.
80
Suppose 4*d - d - 1080 = 0. Suppose 98 = 3*p - 3*l - 424, -d = -2*p + 5*l. Let a = 58 + -41. Calculate the highest common factor of p and a.
17
Let l(c) = 344*c - 51. Let d be l(3). Calculate the greatest common divisor of 9 and d.
9
Let u be (-229)/(-7) - ((-357)/49 - -7). What is the greatest common factor of u and 33?
33
Let p = -41 - -133. Suppose 4*z + 4*q = 9*q + 264, 5*z - 317 = 3*q. Let y = -38 + z. What is the greatest common divisor of p and y?
23
Suppose -26*w + 24*w = 0. Suppose 4*i - i - 12 = w. Suppose -10 = -h + 2*u, -u = 3*h + i*u - 19. Calculate the highest common factor of h and 1.
1
Suppose 0*g - 6 = -2*g, 5*g + 777 = 4*z. Calculate the highest common factor of z and 90.
18
Suppose 67 = -4*g - 5*m, -11 = -2*m - 1. Let w = -7 - g. Suppose p - 8 = w. Calculate the highest common divisor of p and 8.
8
Suppose -15 = s + 1. Let l = -4 - s. Let m be 387/3*1 - -3. Calculate the highest common factor of m and l.
12
Suppose 7*t - t - 384 = 0. What is the highest common factor of 80 and t?
16
Suppose -32 = -2*t + 3*n, 4*t - 38 = n + 36. Suppose g + 1045 = 6*g. Calculate the greatest common factor of g and t.
19
Let n be (153/18 + -7)/(2/12). Calculate the greatest common divisor of n and 288.
9
Let i(y) = -y**3 - 26*y - 1. Let u be i(8). Let v be (-2)/4 + u/(-14). What is the greatest common divisor of 34 and v?
17
Let k be 872 + (-8)/(-2 + 6). Suppose 19*v + k = 22*v. Calculate the highest common divisor of 29 and v.
29
Suppose 2*h + 2*f = -0*f, h = 2*f. Suppose -2*l - 4*z + 32 = 0, 4*l = 3*z - h*z + 9. Suppose -9*g + 39 = -l*g. What is the greatest common divisor of 143 and g?
13
Let r be 464/174*726/4. Calculate the greatest common divisor of r and 44.
44
Let r(w) = w**3 - w**2 - 94*w - 18. Let n be r(-9). What is the greatest common divisor of n and 198?
18
Suppose r = -5*q + 5, -r + 4 + 1 = -5*q. Let j = r - 5. Let i be 2/(-4)*(j + -12). Calculate the highest common divisor of i and 4.
2
Let q(a) = -a**2 + 15*a + 10. Let j be 14 + 0/((-12)/4). Let k be q(j). Let n = -40 + 100. What is the highest common divisor of k and n?
12
Let b be 20/3*18/12. Let o = 78 - -32. What is the highest common divisor of b and o?
10
Let p(r) = -2*r**2 - 13*r - 1. Let q be p(-6). Let g be 112/10 - 1/q. What is the highest common factor of g and 143?
11
Let w(r) = 76*r + 481. Let a be w(10). What is the greatest common factor of a and 51?
17
Let s(p) = 4*p**2 - 3*p + 4. Let t be s(1). Let o be ((-10)/3)/((-2)/6). Let u = o - t. What is the greatest common divisor of u and 5?
5
Suppose d + f = -2 - 20, -5*d = -5*f + 110. Let t be (-6425)/(-55) + (-4)/d. What is the highest common divisor of 13 and t?
13
Let f be -6*(-189)/(-6)*-2. Suppose -t - 3*d = -2*t + 27, 3*t - d = 121. Calculate the highest common divisor of f and t.
42
Suppose -2*q - 3*s = 13, 4*q + 3*s + 41 = -0*s. Let f be 10 + (-7)/q*(1 + -1). Calculate the highest common factor of 10 and f.
10
Let a be ((-3)/(-6) + 0)*-26. Let k = 27 + a. Let z = -382 + 396. What is the greatest common divisor of z and k?
14
Suppose 48 = -0*y + 4*y. Let s be (-414)/y*14/3. Let j be 1/(-4) - s/4. What is the highest common divisor of j and 5?
5
Let m(y) = -y**3 + 6*y**2 - 4*y + 8. Let k be m(5). Suppose -2*z + 4*g = -220, -5*z + 99 = 4*g - 409. What is the highest common divisor of k and z?
13
Suppose -5*x + 5335 = 2*l, -x + 4*l + 847 = -220. What is the highest common divisor of 97 and x?
97
Let v(h) = -h**3 - 9*h**2 - 9*h - 16. Let i be v(-8). Let s be ((-14)/i)/(2/8). Calculate the greatest common divisor of s and 21.
7
Let a be (-19 - -18)*0/(-2). Suppose 195 = 3*p + 2*t, -4*p + 260 = -a*p - 2*t. Calculate the greatest common factor of 26 and p.
13
Let n be (13/(208/24))/(1/78). Let b = n - 77. What is the greatest common factor of 100 and b?
20
Let g(h) = h**3 - 12*h**2 - 48*h + 92. Let y be g(16). Calculate the greatest common divisor of y and 18.
6
Let l(h) = -h**2 - 8*h - 2. Let a be l(-7). Suppose 2 = -a*g + 12. Suppose -g*n + 6 = n. What is the greatest common factor of 18 and n?
2
Let y(r) = -r**3 + r**2 + 34*r + 513. Let h be y(0). What is the highest common divisor of 189 and h?
27
Suppose -y = -13*y - 936. Let q = y - -146. What is the highest common factor of q and 170?
34
Let l be (20/(-15))/((-2)/15). Let r = -152 + 0. Let w = r + 262. Calculate the greatest common factor of l and w.
10
Let b be (-6)/((-18)/525) + -4. Suppose -3*v - 9 = -4*v. Calculate the highest common divisor of b and v.
9
Let r(h) = h**2 + 42*h + 275. Let w be r(-47). What is the highest common divisor of w and 60?
30
Let y be (0 - -5) + (-4)/2. Suppose -2*z = 8*z. Suppose y*x + x - 32 = z. What is the highest common divisor of x and 4?
4
Let o(d) = -d - 1. Let y be o(-2). Suppose 25 = 5*n + 7*m - 2*m, -3*n - 9 = -3*m. What is the greatest common factor of n and y?
1
Let s(t) = -t**3 + 11*t**2 - 12*t + 23. Let j be s(10). Calculate the highest common factor of j and 21.
3
Suppose 6*t - 12 = 8*t. Let i be 169/t + (-5)/(-30). Let v = -16 - i. Calculate the greatest common factor of v and 48.
12
Let r = 187 + -150. What is the greatest common divisor of r and 518?
37
Let m(g) = 2*g**2 - 3*g + 2. Let d be m(2). Suppose 3*b - d = -b. Suppose -5*f - 32 = -3*o, -3*f - 3 = -0. Calculate the highest common divisor of b and o.
1
Suppose 0 = -7*i + 1345 - 71. What is the greatest common divisor of i and 52?
26
Suppose 31*d - 41*d + 2210 = 0. What is the greatest common divisor of 52 and d?
13
Suppose -2*w - h + 208 = w, w - 80 = 5*h. What is the highest common factor of w and 14?
14
Let j(l) = 171*l**2 - 31*l + 30. Let d be j(1). What is the greatest common factor of 20 and d?
10
Let b(f) = 5*f + 53. Let a be b(-10). Let o be (-21)/a*9/(-7). Calculate the greatest common divisor of o and 18.
9
Suppose -1 = 4*k - 21. Suppose -329 = -k*d + 296. Suppose -5*g - 5 + d = 0. Calculate the greatest common divisor of 48 and g.
24
Let h(r) = r**3 - 3*r**2 + 9*r - 34. Let k be h(4). What is the greatest common factor of 9 and k?
9
Let r = 118 + -126. Let u(o) = o**2 + 8*o + 12. Let f be u(r). What is the highest common divisor of 24 and f?
12
Let c(d) = -8*d**3 + 4*d**2 + 40*d + 9. Let o be c(-4). Calculate the greatest common factor of o and 50.
25
Suppose 0 = -13*v + 2*v + 550. Calculate the greatest common divisor of 150 and v.
50
Suppose 4*q - 3*q + 1 = j, -4*q = -2*j. Suppose 2*b - 3*v = 474, 0*b - 472 = -j*b + 2*v. What is the highest common divisor of b and 26?
26
Suppose 0 = 4*m + 24 - 44. Let g be 54/10 - 10/25. What is the greatest common divisor of m and g?
5
Let y = -1607 - -1717. Calculate the greatest common factor of y and 88.
22
Let l = 10 - -2. Suppose 12 = s 